{"id":11,"date":"2019-07-31T18:52:15","date_gmt":"2019-07-31T18:52:15","guid":{"rendered":"http:\/\/marburger-chor.de\/?page_id=11"},"modified":"2019-08-01T17:13:26","modified_gmt":"2019-08-01T17:13:26","slug":"repertoire","status":"publish","type":"page","link":"https:\/\/marburger-chor.de\/?page_id=11","title":{"rendered":"Repertoire"},"content":{"rendered":"\n<h2 class=\"wp-block-heading\">Repertoire<\/h2>\n\n\n\n<p><strong>Wir legen gro\u00dfen Wert auf ein abwechslungsreiches Repertoire, d.h. m\u00f6glichst viele verschiedene Stilrichtungen sollen vertreten sein und jedes Chormitglied kann Vorschl\u00e4ge einreichen \u2013 so wird Singen nie langweilig und jeder Musikgeschmack kommt auf seine Kosten.<\/strong><\/p>\n\n\n\n<p>Es sind schon St\u00fccke aus  Rock, Pop, Swing, Gospel, Schlager, Klassik, Volkslied und mehr in unserem Notenschrank vertreten. Das neue Repertoire befindet sich gegenw\u00e4rtig im Aufbau, da Anselm Richter unseren Chor erst seit Mai dieses Jahres leitet.<br>Hier nur eine kleine Auswahl unseres aktuellen Repertoires:<strong>\u00a0<\/strong><\/p>\n\n\n\n<table class=\"wp-block-table\"><tbody><tr><td>\n  The rhythm of life\n  <\/td><td>\n  Cy Coleman \n  <\/td><\/tr><tr><td>\n  Die Forelle\n  <\/td><td>\n  Franz Schubert\n  <\/td><\/tr><tr><td>\n  Swing the Prelude\n  <\/td><td>\n  Eurovisionsmelodie (Swing)\n  <\/td><\/tr><tr><td>\n  Siyahamba \n  <\/td><td>\n  Zulu-Song aus S\u00fcdafrika\n  <\/td><\/tr><tr><td>\n  Sing of the Lord&#8217;s Goodness \n  <\/td><td>\n  Ernest Sands\n  <\/td><\/tr><tr><td>\n  Hallo Django \n  <\/td><td>\n  Uli F\u00fchre\n  <\/td><\/tr><tr><td>\n  Can you feel the love tonight\n  <\/td><td>\n  Elton John\n  <\/td><\/tr><tr><td>\n  Die Rose \n  <\/td><td>\n  Amanda Mc Broom\n  <\/td><\/tr><tr><td>\n  Sing mit mir (Ain&#8217;t she sweet) \n  <\/td><td>\n  Milton Ager\n  <\/td><\/tr><tr><td>\n  Irische Segensw\u00fcnsche \n  <\/td><td>\n  Volksweise\n  <\/td><\/tr><tr><td>\n  The Scat Calypso \n  <\/td><td>\n  Lorenz Maierhofer\n  <\/td><\/tr><tr><td>\n  Aufstehn, aufeinander zugehn! \n  <\/td><td>\n  Clemens Bittlinger \n  <\/td><\/tr><tr><td>\n  Good News \n  <\/td><td>\n  Spiritual\n  <\/td><\/tr><tr><td>\n  Singen macht Spa\u00df \n  <\/td><td>\n  Uli F\u00fchre\n  <\/td><\/tr><tr><td>\n  Lied an die Freude \n  <\/td><td>\n  L. von Beethoven\n  <\/td><\/tr><tr><td>\n  &nbsp;\n  <\/td><td>\n  &nbsp;\n  <\/td><\/tr><\/tbody><\/table>\n","protected":false},"excerpt":{"rendered":"<p>Repertoire Wir legen gro\u00dfen Wert auf ein abwechslungsreiches Repertoire, d.h. m\u00f6glichst viele verschiedene Stilrichtungen sollen vertreten sein und jedes Chormitglied kann Vorschl\u00e4ge einreichen \u2013 so wird Singen nie langweilig und jeder Musikgeschmack kommt auf seine Kosten. Es sind schon St\u00fccke &hellip; <a href=\"https:\/\/marburger-chor.de\/?page_id=11\">Weiterlesen <span class=\"meta-nav\">&rarr;<\/span><\/a><\/p>\n","protected":false},"author":1,"featured_media":0,"parent":0,"menu_order":0,"comment_status":"closed","ping_status":"closed","template":"","meta":{"footnotes":""},"class_list":["post-11","page","type-page","status-publish","hentry"],"_links":{"self":[{"href":"https:\/\/marburger-chor.de\/index.php?rest_route=\/wp\/v2\/pages\/11","targetHints":{"allow":["GET"]}}],"collection":[{"href":"https:\/\/marburger-chor.de\/index.php?rest_route=\/wp\/v2\/pages"}],"about":[{"href":"https:\/\/marburger-chor.de\/index.php?rest_route=\/wp\/v2\/types\/page"}],"author":[{"embeddable":true,"href":"https:\/\/marburger-chor.de\/index.php?rest_route=\/wp\/v2\/users\/1"}],"replies":[{"embeddable":true,"href":"https:\/\/marburger-chor.de\/index.php?rest_route=%2Fwp%2Fv2%2Fcomments&post=11"}],"version-history":[{"count":6,"href":"https:\/\/marburger-chor.de\/index.php?rest_route=\/wp\/v2\/pages\/11\/revisions"}],"predecessor-version":[{"id":226,"href":"https:\/\/marburger-chor.de\/index.php?rest_route=\/wp\/v2\/pages\/11\/revisions\/226"}],"wp:attachment":[{"href":"https:\/\/marburger-chor.de\/index.php?rest_route=%2Fwp%2Fv2%2Fmedia&parent=11"}],"curies":[{"name":"wp","href":"https:\/\/api.w.org\/{rel}","templated":true}]}}