{"id":9,"date":"2019-07-31T18:52:15","date_gmt":"2019-07-31T18:52:15","guid":{"rendered":"http:\/\/marburger-chor.de\/?page_id=9"},"modified":"2026-04-30T18:19:29","modified_gmt":"2026-04-30T18:19:29","slug":"der-chorleiter","status":"publish","type":"page","link":"https:\/\/marburger-chor.de\/?page_id=9","title":{"rendered":"Der Chorleiter"},"content":{"rendered":"\n<h2 class=\"wp-block-heading\">Der Chorleiter<\/h2>\n\n\n\n<div class=\"wp-block-media-text alignwide is-stacked-on-mobile\" style=\"grid-template-columns:35% auto\"><figure class=\"wp-block-media-text__media\"><img loading=\"lazy\" decoding=\"async\" width=\"774\" height=\"1024\" src=\"https:\/\/marburger-chor.de\/wp-content\/uploads\/2022\/04\/IMG-3005kopie-774x1024.jpg\" alt=\"\" class=\"wp-image-494 size-full\" srcset=\"https:\/\/marburger-chor.de\/wp-content\/uploads\/2022\/04\/IMG-3005kopie-774x1024.jpg 774w, https:\/\/marburger-chor.de\/wp-content\/uploads\/2022\/04\/IMG-3005kopie-227x300.jpg 227w, https:\/\/marburger-chor.de\/wp-content\/uploads\/2022\/04\/IMG-3005kopie-768x1016.jpg 768w, https:\/\/marburger-chor.de\/wp-content\/uploads\/2022\/04\/IMG-3005kopie-1161x1536.jpg 1161w, https:\/\/marburger-chor.de\/wp-content\/uploads\/2022\/04\/IMG-3005kopie.jpg 1177w\" sizes=\"auto, (max-width: 774px) 100vw, 774px\" \/><\/figure><div class=\"wp-block-media-text__content\">\n<p class=\"has-large-font-size\">Anselm Richter <\/p>\n\n\n\n<p>Im Mai 2019 hat Anselm Richter die Leitung unseres Chores \u00fcbernommen, nachdem er bereits seit Herbst 2017 als Stimmbildner mit dem Marburger Chor gearbeitet hatte.  <\/p>\n<\/div><\/div>\n\n\n\n<p>Er bringt uns immer wieder aufs Neue zu erstaunlichen Kl\u00e4ngen und l\u00e4sst uns \u00fcber uns selbst hinaus wachsen. Mit seiner sympathischen, mitrei\u00dfenden Art hat er uns sofort in seinen Bann gezogen. Wir sind beeindruckt von seiner Professionalit\u00e4t und der Art und Weise, wie er Lieder mit uns ein\u00fcbt. <\/p>\n\n\n\n<p>Man merkt, dass er die Musik mit ganzem Herzen lebt, und mit dieser Begeisterung zur Musik und seinem Humor steckt er uns jede Woche erneut an. Ganz nach dem Motto \u201eSingen macht Spa\u00df \u201c.<\/p>\n\n\n\n<p>Anselm Richter\nstudierte Gesang an der\nMusikhochschule in Essen mit den Schwerpunkten Lied und Oratorium sowie\nGesangsp\u00e4dagogik. Nach Lehrauftr\u00e4gen an selbiger Hochschule und der Universit\u00e4t\nzu K\u00f6ln \u00fcbernahm er 1993 eine Dozentur an der Justus-Liebig-Universit\u00e4t in\nGie\u00dfen. Er ist dort am Institut f\u00fcr Musikwissenschaft und \u2013p\u00e4dagogik in der\nAusbildung der Lehramtsstudierenden t\u00e4tig. <\/p>\n\n\n\n<p>Neben seiner Dozenten- und Konzertt\u00e4tigkeit, ist er gefragt als Stimmbildner verschiedener Ch\u00f6re und Ensembles und leitet Chorworkshops u.a. mit dem Schwerpunkt \u201eStimmimprovisation\u201c (Vokale Improvisation).<\/p>\n","protected":false},"excerpt":{"rendered":"<p>Der Chorleiter Anselm Richter Im Mai 2019 hat Anselm Richter die Leitung unseres Chores \u00fcbernommen, nachdem er bereits seit Herbst 2017 als Stimmbildner mit dem Marburger Chor gearbeitet hatte. Er bringt uns immer wieder aufs Neue zu erstaunlichen Kl\u00e4ngen und &hellip; <a href=\"https:\/\/marburger-chor.de\/?page_id=9\">Weiterlesen <span class=\"meta-nav\">&rarr;<\/span><\/a><\/p>\n","protected":false},"author":1,"featured_media":0,"parent":0,"menu_order":0,"comment_status":"closed","ping_status":"closed","template":"","meta":{"footnotes":""},"class_list":["post-9","page","type-page","status-publish","hentry"],"_links":{"self":[{"href":"https:\/\/marburger-chor.de\/index.php?rest_route=\/wp\/v2\/pages\/9","targetHints":{"allow":["GET"]}}],"collection":[{"href":"https:\/\/marburger-chor.de\/index.php?rest_route=\/wp\/v2\/pages"}],"about":[{"href":"https:\/\/marburger-chor.de\/index.php?rest_route=\/wp\/v2\/types\/page"}],"author":[{"embeddable":true,"href":"https:\/\/marburger-chor.de\/index.php?rest_route=\/wp\/v2\/users\/1"}],"replies":[{"embeddable":true,"href":"https:\/\/marburger-chor.de\/index.php?rest_route=%2Fwp%2Fv2%2Fcomments&post=9"}],"version-history":[{"count":14,"href":"https:\/\/marburger-chor.de\/index.php?rest_route=\/wp\/v2\/pages\/9\/revisions"}],"predecessor-version":[{"id":790,"href":"https:\/\/marburger-chor.de\/index.php?rest_route=\/wp\/v2\/pages\/9\/revisions\/790"}],"wp:attachment":[{"href":"https:\/\/marburger-chor.de\/index.php?rest_route=%2Fwp%2Fv2%2Fmedia&parent=9"}],"curies":[{"name":"wp","href":"https:\/\/api.w.org\/{rel}","templated":true}]}}

<h2 class="wp-block-heading">Der Chorleiter</h2>



<div class="wp-block-media-text alignwide is-stacked-on-mobile" style="grid-template-columns:35% auto"><figure class="wp-block-media-text__media"><img loading="lazy" decoding="async" width="774" height="1024" src="https://marburger-chor.de/wp-content/uploads/2022/04/IMG-3005kopie-774x1024.jpg" alt="" class="wp-image-494 size-full" srcset="https://marburger-chor.de/wp-content/uploads/2022/04/IMG-3005kopie-774x1024.jpg 774w, https://marburger-chor.de/wp-content/uploads/2022/04/IMG-3005kopie-227x300.jpg 227w, https://marburger-chor.de/wp-content/uploads/2022/04/IMG-3005kopie-768x1016.jpg 768w, https://marburger-chor.de/wp-content/uploads/2022/04/IMG-3005kopie-1161x1536.jpg 1161w, https://marburger-chor.de/wp-content/uploads/2022/04/IMG-3005kopie.jpg 1177w" sizes="auto, (max-width: 774px) 100vw, 774px" /></figure><div class="wp-block-media-text__content">
<p class="has-large-font-size">Anselm Richter </p>



<p>Im Mai 2019 hat Anselm Richter die Leitung unseres Chores übernommen, nachdem er bereits seit Herbst 2017 als Stimmbildner mit dem Marburger Chor gearbeitet hatte.  </p>
</div></div>



<p>Er bringt uns immer wieder aufs Neue zu erstaunlichen Klängen und lässt uns über uns selbst hinaus wachsen. Mit seiner sympathischen, mitreißenden Art hat er uns sofort in seinen Bann gezogen. Wir sind beeindruckt von seiner Professionalität und der Art und Weise, wie er Lieder mit uns einübt. </p>



<p>Man merkt, dass er die Musik mit ganzem Herzen lebt, und mit dieser Begeisterung zur Musik und seinem Humor steckt er uns jede Woche erneut an. Ganz nach dem Motto „Singen macht Spaß “.</p>



<p>Anselm Richter
studierte Gesang an der
Musikhochschule in Essen mit den Schwerpunkten Lied und Oratorium sowie
Gesangspädagogik. Nach Lehraufträgen an selbiger Hochschule und der Universität
zu Köln übernahm er 1993 eine Dozentur an der Justus-Liebig-Universität in
Gießen. Er ist dort am Institut für Musikwissenschaft und –pädagogik in der
Ausbildung der Lehramtsstudierenden tätig. </p>



<p>Neben seiner Dozenten- und Konzerttätigkeit, ist er gefragt als Stimmbildner verschiedener Chöre und Ensembles und leitet Chorworkshops u.a. mit dem Schwerpunkt „Stimmimprovisation“ (Vokale Improvisation).</p>

<p>Der Chorleiter Anselm Richter Im Mai 2019 hat Anselm Richter die Leitung unseres Chores übernommen, nachdem er bereits seit Herbst 2017 als Stimmbildner mit dem Marburger Chor gearbeitet hatte. Er bringt uns immer wieder aufs Neue zu erstaunlichen Klängen und &hellip; <a href="https://marburger-chor.de/?page_id=9">Weiterlesen <span class="meta-nav">&rarr;</span></a></p>
